-7 + 7 - (2 + -8).
-1
Evaluate (0 - (-8 - (-2 + 2))) + (6 - 0).
14
What is the value of -10 - -2 - (-40 + 42) - -17?
7
What is the value of (-1 - -2) + (-11 - -2 - (-3 + 8))?
-13
Calculate 21 + -3 + 7 + 5 + -17.
13
Evaluate 1 - -11 - ((75 - 109) + 41).
5
What is the value of (-18 - (-21 - 0)) + 10?
13
Evaluate -5 - ((16 - 16) + -5).
0
Calculate (4 - 2) + -12 + (7 - 0) + -2.
-5
Calculate -22 + 3 - 0 - (-11 + -10 + 13).
-11
What is the value of -1 + (-4 - 1) - (-43 - -46)?
-9
What is 3 + -1 + -28 + -1 + 57 + 3?
33
0 - 34 - (723 - 767)
10
What is -12 - (0 - 13) - (-1 + 0)?
2
Evaluate 10 + -18 + 18 + (-3 - -2).
9
(-33 - -15) + 2 + 1 + -3
-18
What is the value of 54 - (50 + -34) - 11?
27
What is the value of -27 + 30 + -17 + 13?
-1
(-29 - -72) + -36 + -10
-3
Evaluate 2 + (-4 - -1) + 3 + 2 + -3.
1
Evaluate -5 + (-2 - (-11 + 1 + 7)).
-4
What is the value of -30 + 36 + (4 + -8 - -3)?
5
Evaluate -9 - (2 + -2 + (38 - 50)).
3
467 + -428 - (7 - ((3 - 1) + -1))
33
Calculate 30 - 26 - (3 - 6 - 6 - 6).
19
Evaluate -3 - (0 + -3 + 37 + -31) - 7.
-13
What is the value of -11 - -5 - (3 - 13)?
4
What is -4 + -4 + 5 - (-3 + 6 + -8)?
2
What is the value of (43 - -1) + -20 + -37?
-13
What is the value of 5 + (-5 - 4) + 7 + 8?
11
What is the value of (2 - -35) + 2 + 2 + -2095 + 2086?
32
What is 12 + (0 + -25 - -18)?
5
(4 - (3 - (-5 - -12))) + 1 + 0
9
Evaluate 32 - ((36 - -21) + -19).
-6
Calculate (1 - -32) + (-2089 - -2082).
26
Calculate (-2 - -2) + -7 + 11 + 1 + -8.
-3
Calculate -2 + -2 - (-15 + 5).
6
Evaluate -8 + (31 - (0 + 8)) + -11.
4
Evaluate -19 - (0 + 2) - ((-38 - -5) + 23).
-11
What is -26 + 15 + 8 + (-2 + 3 - 0)?
-2
(-23 - -48) + (2 + 6 + -3 - 7)
23
What is the value of -3 + 1 + 10 - (-18 + 9)?
17
Calculate -1 - 3 - (-10 + -4).
10
What is 20 + 3 + -22 + -14?
-13
Calculate (17 - 47) + 0 - -25.
-5
Evaluate 40 + -4 + -10 + 1 + -3 + -2.
22
What is the value of (-30 - 11) + (-42 - -69)?
-14
Calculate -10 - -8 - (-10 - (-10 + 6 - -1)).
5
Calculate -1 - 22 - (14 + (-6 + -3 - 7)).
-21
What is the value of (-20 + (0 - 2) - (75 + -79)) + 6?
-12
What is 2 + (1 - (1 - 1)) + (-38 - -47)?
12
What is -29 - (-22 - (-29 - -38))?
2
8 + (2 - 4 - (-7 - -8 - -1))
4
What is the value of -8 - 28 - (-5 + -31)?
0
Calculate 5 - (8 - (-1 + (5 - -4))).
5
What is -10 - ((23 - 12) + -14)?
-7
Calculate 27 + -27 + (-5 - (-16 - 7)).
18
What is the value of -24 - -1 - (16 - (-18 - -46))?
-11
-1 + (-4 + -4 - (0 + 0))
-9
What is -23 + 10 - -13 - -7?
7
Calculate (-5 - (-5 + -6 + 5)) + -9.
-8
What is 35 - (37 + 31 + -42)?
9
24 - (3 + 23 + -14)
12
What is the value of (5 - (6 + 5 + 4 + -5)) + 2?
-3
(-4 - 7 - (-35 + 51)) + 14
-13
Calculate 11 - (-6 - -4) - (238 - 203).
-22
What is 19 + (8 - 3 - 14) - 23?
-13
What is the value of 4 + (0 - 8) + -14 + 13 - 7?
-12
Calculate 8 - (9 + (-4 - 8) + (-6 - -1)).
16
Calculate -21 + -14 + 2 + 20.
-13
Evaluate 4 + -2 + -4 + (36 - 34 - 20).
-20
Evaluate (1 - 0 - (-2 - 4)) + -16 + -3.
-12
Calculate (2 - 35) + 854 + -802.
19
Evaluate 36 + -29 + -6 + 33.
34
What is the value of (-1 - 0 - -5) + (-715 - -718)?
7
Calculate 15 - (-5 + (15 - 9)).
14
Calculate 9 - ((-6 - -19) + 2).
-6
Evaluate 12 - (4 - (-2 + 7)) - 3.
10
30 - (0 + (19 - 0))
11
Calculate (1 - -6) + (-102 - -86).
-9
3 - 2 - (14 + (12 - (21 - 6)))
-10
What is 3 + 49 + -38 + (-21 - -2) + -20?
-25
What is the value of -1 + 51 + -18 - 19?
13
What is -4 + (7 - 1) + -13 + 3 - -7?
-1
Evaluate 1 + -6 - (4 + 0 + 4 - 0).
-13
Calculate -6 + (-7 + -4 - -8) - 4.
-13
(5 + -1 - -3) + (-16 - 2) + 1
-10
What is the value of (2 - (-2 - -9)) + -2 + 0 + -6?
-13
What is -3 - (3 - (-6 + 3))?
-9
Calculate 5 + -14 + (9 - 1) - 6.
-7
557 + -565 - (2 - 0 - -9)
-19
Evaluate 1737 + -1727 - (2 - (-2 - -21)).
27
What is the value of 31 + 0 + 3 + -25 + 32 + -17?
24
What is the value of 0 + 2 + (148 - 156) + 32?
26
What is the value of 7 + -1 + -10 + -4 + -1?
-9
What is the value of -28 + (-42 - -22 - -64)?
16
What is 2 + -8 - (-61 + 61) - (1 + -13)?
6
Evaluate (0 - (-5 + 3 + 9 + -8)) + -4.
-3
Evaluate 34 - 20 - (12 + -9 + -8).
19
What is the value of 0 - 0 - -4 - (50 + -34 - 17)?
5
What is the value of (9 - 2) + (3 + 2 - -5) + -58?
-41
What is the value of -779 - -770 - (-2 + (3 - 0)) - 14?
-24
What is (-7 - (8 + 0 - (6 + 15))) + 17?
23
Evaluate -6 + 17 + -3 + (-9 - -2).
1
What is the value of 0 + -1 + (-9 - -10 - 2) - -4?
2
Calculate (-3 - -4) + 6 - (9 - 2).
0
-4 + -6 + 8 + (-3 - 0)
-5
940 + -947 - (1 + -2 + -13)
7
Calculate -13 - (0 - 36 - (530 + -533)).
20
Evaluate (-28 - -1) + 3 - (-4 + 1 + 13).
-34
What is 12 + -17 - -10 - (18 - 2)?
-11
Calculate 8 + 0 + -27 + 32 + -7.
6
(5 - 6) + -9 + 19 + -6 + 0
3
What is 32 + -59 + -7 + 23?
-11
What is -5 - (-19 + 13) - -6?
7
2 + -39 - (-1019 + 1018)
-36
Evaluate 18 - (14 + (3 - 8)) - (1 - -1).
7
What is the value of -3 + 0 + -8 + -1 + 15?
3
What is the value of -11 + -10 + -2 + 17 - (2 - 22)?
14
-717 - -706 - (0 - 2 - 7)
-2
What is 42 + 24 + -56 + 27?
37
Evaluate (54 - 28) + (1 - 16).
11
23 - (-2 - (16 + -34))
7
Calculate (28 - -18) + -18 + 4 + -2.
30
What is -4 + (-1 - 10) - (-12 + 7)?
-10
What is 10 - (3 + 3 + 5 - (-4 - -10))?
5
Calculate -1 + -2 - (-15 - (4 - 25)).
-9
What is the value of 24 - (-11 + (-13 - (13 + -42)))?
19
Evaluate 2 - (12 + -5 - -1) - (-9 - 23).
26
What is -32 + (12 - -18) + 18 + 0?
16
Evaluate (11 - (40 - 13)) + -8 + 6.
-18
-2066 - -2074 - (13 - (-2 - 0) - 0)
-7
Evaluate -24 + (16 - -15 - 25).
-18
What is the value of (84 - 76) + (1 - 18)?
-9
Calculate 8 + (10 - 31) + 11 + (-1 - -29).
26
What is 3 - (-10 + -8 + 20)?
1
What is the value of 0 - (-5 - -4) - (7 + -11) - -8?
13
-13 - (-63 + 43) - (1 + 11)
-5
549 - 561 - (-5 - -1)
-8
Calculate -1 + -24 + -11 + 2.
-34
What is the value of 6 + 7 + 19 + -28?
4
Calculate 6 + -31 + 91 + -33.
33
Calculate -3 - (-1 - (-1 + 4 + 4)).
5
What is -13 + -5 + 11 - -7?
0
-59 - (-43 - -12) - -41
13
What is the value of (-2 - -28) + -7 - 20?
-1
Calculate (19 - -4 - (-5 + 1)) + -12.
15
-3 - (-42 + 41 - (-7 + 0))
-9
3 + -33 - (-13 + -27)
10
Calculate 6 - (-6 + -7 + 20).
-1
32 - (-18 - (-10 + -37))
3
30 + (-28 + 24 - (7 + -1))
20
Calculate -9 - (3 + (-20 - -8)).
0
Evaluate (-5 + 27 - 27 - (4 + 1)) + 6.
-4
What is the value of -10 + 7 + -7 + (-10 - -7)?
-13
Calculate -8 - (-23 + -20 + 32 + -2 + 1).
4
6 - (7 + -10 + -1 + 7 - 6)
9
Calculate (-29 - -63) + -26 - 4.
4
What is (-13 - -6) + 1 - -7?
1
What is 17 - ((-12 - 2) + 10 + 7 + 0)?
14
What is the value of 1 + (-5 + 5 + 3 - -3) + -20?
-13
Evaluate -2 - -4 - (-11 + 1 + -12 + 6).
18
What is (39 - (14 - -19)) + -33?
-27
-3 + 0 - -2 - (-5 - 1 - -3)
2
What is (3 - 0) + (-9 - -7 - (3 - 11))?
9
What is -5 - (13 - 1 - (-4 + 6)) - 1?
-16
-18 + -2 + 0 + 0 - (-8 + 7)
-19
-8 + 16 + -16 + -4
-12
Evaluate 29 + 21 + -46 + (-1 - 11).
-8
-18 - (14 - (-10 - -42))
0
(219 - 210) + 0 + (6 - -1)
16
What is the value of -7 + (5 - (7 - 1 - 4) - -6)?
2
Evaluate (17 - 0) + -4 - (-6 + 13).
6
What is the value of (6 - (-37 + 22 - 5)) + 9 + 1?
36
Evaluate -2 + (46 - 25) + 2.
21
Evaluate 2 + 7 + 0 + (-2 - (2 + -9)).
14
(-7 - 0) + (-193 - -193)
-7
What is the value of -11 + (-5 + -4 - -3) + 38 + -44?
-23
Evaluate (-2 - -6 - -7) + 6 + 4.
21
What is the value of 12 - (11 + -1 - -1)?
1
-4 - (-5 - -9) - (-1 - 2) - 0
-5
Calculate 2 - (-8 - -5) - (-4 + -1 + -2).
12
Evaluate -4 - (-3 + 6 + -1) - 3 - -10.
1
Evaluate (1 - (9 - 12)) + (-9 - 2) + 4.
-3
Evaluate -1 + 14 + -35 - (1 - 11).
-12
Evaluate 21 - 29 - (-3 + (3 - 25) + -2).
19
Evaluate 21 + 4 + -17 + -4.
4
43 - (7 + 15) - 0
21
What is the value of 12 - ((10 - 2 - 16) + 6)?
14
(8 - (-2 + 2)) + (-64 - -60)
4
Calculate 3 + 14 + -64 + 51.
4
Calculate (-2 - -14) + (0 - (-4 - 2) - 12).
6
-10 + (-2 - -3) - (1454 + -1452)
-11
What is (14 - (5 + 1)) + -11 + 6?
3
What is the value of -43 + 42 + (-12 - 22)?
-35
Evaluate 49 + -8 - (16 + 6 - 12).
31
What is the value of -26 + (47 - 12) - -4?
13
Calculate 19 + -8 + -20 + 3.
-6
Evaluate -9 + (-36 - (-13 + 0)) + 8.
-24
What is -12 + 23 - (12 + -12) - -1?
12
(-10 - -37) + -23 + (-2 - -2)
4
What is the value of -13 + 29 + -5 + -3?
8
What is the value of 7 - (-31 + 23) - (30 - 4)?
-11
Evaluate 2 - (4 + -7) - 3 - 1.
1
12 + -1 - (-22 + 58) - -12
-13
What is 16 + (-5 - -8) - (4 + -2)?
17
Calculate -15 + (-15 - -2) + 42.
14
What is the value of (-2 - 